{"id":5,"date":"2022-04-13T20:45:53","date_gmt":"2022-04-13T18:45:53","guid":{"rendered":"http:\/\/www.ubytovna-zamecek.cz\/index.php\/mesmerize\/"},"modified":"2026-01-07T10:51:13","modified_gmt":"2026-01-07T09:51:13","slug":"mesmerize","status":"publish","type":"page","link":"https:\/\/www.ubytovna-zamecek.cz\/","title":{"rendered":"Front Page"},"content":{"rendered":"<div  data-label=\"zakladni info\" data-id=\"about--2\" data-export-id=\"about-4\" data-category=\"about\" class=\"about-4 content-section content-section-spacing\" id=\"zakladni-info\" style=\"background-color: rgb(255, 255, 255); background-image: none;\"><div  class=\"gridContainer\"> <div  class=\"row middle-sm text-center\"><div  class=\"col-sm-5 space-bottom-xs content-left-sm\" data-type=\"column\">  <h2  class=\"\">Z\u00e1kladn\u00ed informace<\/h2> <p  class=\"\">\u2022\tPoloha u lesa, v klidn\u00e9 \u010d\u00e1sti obce\r\n<br ><br >\u2022\tKapacita 54 m\u00edst, pln\u011b vybaven\u00e1 kuchyn\u011b, j\u00eddelna, spole\u010densk\u00e1\r\n<br >m\u00edstnost, na pat\u0159e spole\u010dn\u00e1 soc.za\u0159\u00edzen\u00ed, ly\u017e\u00e1rna\r\n<br ><br >\u2022\tK dispozici jednoduch\u00e9 sportovi\u0161t\u011b pro m\u00ed\u010dov\u00e9 hry, ohni\u0161t\u011b, velk\u00e9 parkovi\u0161t\u011b\r\n<br ><br >\u2022\tVhodn\u00e9 pro rekreaci rodin s d\u011btmi, letn\u00ed, zimn\u00ed pobyty d\u011bt\u00ed a jin\u00e9 organizovan\u00e9 akce\r\n<br ><br >\u2022\tPsi za poplatek na dotaz\r\n<br ><br >\u2022\tLy\u017e.st\u0159ediska \u0160pi\u010d\u00e1k-7km \u2022 Panc\u00ed\u0159-8 km \u2022 \u017delezn\u00e1 Ruda-11 km  \u2022 Javor-26 km\r\n<br ><br >\u2022\tV\u00fdchodi\u0161t\u011b ly\u017ea\u0159.b\u011b\u017eeck\u00fdch tras a cyklotras\u2022&nbsp;<\/p> <\/div> <div  class=\"col-sm-7 flexbox center-xs middle-xs image-group-2-img\"> <img  decoding=\"async\" class=\"img-1 shadow-large\" data-size=\"250x200\" src=\"https:\/\/www.ubytovna-zamecek.cz\/wp-content\/uploads\/2022\/07\/cropped-cropped-image_6483441-3.jpg\" title=\"cropped-cropped-image_6483441-3.jpg\" alt=\"\"> <img  decoding=\"async\" class=\"img-2 shadow-large\" data-size=\"220x170\" src=\"https:\/\/www.ubytovna-zamecek.cz\/wp-content\/uploads\/2022\/07\/cropped-cropped-image_6483441.jpg\" title=\"cropped-cropped-image_6483441.jpg\" alt=\"\"><\/div> <\/div><\/div> <\/div><div  data-label=\"Dispozice zamecku\" data-id=\"about--1\" data-export-id=\"about-images-right-section-mc\" data-category=\"about\" class=\"about-images-right-section-mc content-section content-section-spacing\" id=\"dispozice-zamecku\" style=\"background-color: rgb(245, 250, 253); background-image: none;\"><div  class=\"gridContainer\"> <div  class=\"row middle-sm text-center\"><div  class=\"col-sm-5 content-left-sm\" data-type=\"column\">  <h2  class=\"\">Dispozice<\/h2>  <h4  class=\"\">Suter\u00e9n<\/h4><p  class=\"lead\">bot\u00e1rna, su\u0161\u00e1rna, spole\u010densk\u00e1 m\u00edstnost, wc<\/p><h4  class=\"\">P\u0159\u00edzem\u00ed<\/h4><p  class=\"lead\">1x 10 l\u016f\u017ek.pokoj, 1 x 4 l\u016f\u017ek.pokoj,&nbsp; kuchyn\u011b, j\u00eddelna, wc, sprchy<\/p><h4  class=\"\">1. patro<\/h4><p  class=\"lead\">1 x 11 l\u016f\u017ek.pokoj, 1 x 5 l\u016f\u017ek. pokoj, 4 x 4 l\u016f\u017ek., 2 \u00d7 3 l\u016f\u017ek.<br >1 x 2 l\u016f\u017ek.pokoj, wc, sprchy<\/p><a  class=\"button blue\" href=\"https:\/\/www.ubytovna-zamecek.cz?p=123\" target=\"_self\" data-cp-link=\"1\" rel=\"noopener\">Galerie<\/a><\/div> <div  class=\"col-sm-7 space-bottom-xs\"><div  class=\"image-group-side-3-img\"> <img  decoding=\"async\" class=\"topimg shadow-large\" src=\"https:\/\/www.ubytovna-zamecek.cz\/wp-content\/uploads\/2022\/04\/cropped-spolecenska.jpg\" title=\"cropped-spolecenska.jpg\" alt=\"\"> <img  decoding=\"async\" class=\"rightimg shadow-large\" src=\"https:\/\/www.ubytovna-zamecek.cz\/wp-content\/uploads\/2022\/04\/cropped-koupelna.jpg\" title=\"cropped-koupelna.jpg\" alt=\"\"> <div  class=\"leftimg\"> <img  decoding=\"async\" class=\"shadow-large\" src=\"https:\/\/www.ubytovna-zamecek.cz\/wp-content\/uploads\/2022\/04\/pokoj2.jpg\" title=\"pokoj2\" alt=\"\"><\/div> <\/div><\/div> <\/div><\/div> <\/div><div  data-label=\"kde nas najdete\" data-id=\"content--1\" data-export-id=\"content-8-mc\" data-category=\"content\" class=\"content-8-mc content-section content-section-spacing\" id=\"kde-nas-najdete\" style=\"background-color: rgb(255, 255, 255);\"><div  class=\"gridContainer\"> <div  class=\"row middle-sm\"><div  class=\"col-sm-6 space-bottom-xs space-top-xs\" data-type=\"column\"> <a  data-cp-link=\"1\" href=\"https:\/\/mapy.cz\/s\/kefunegemo\" class=\"\" target=\"_blank\" rel=\"noopener\"><img  decoding=\"async\" class=\"shadow-large\" src=\"https:\/\/www.ubytovna-zamecek.cz\/wp-content\/uploads\/2022\/04\/cropped-mapa-e1649930233434.png\" title=\"cropped-mapa-e1649930233434.png\" alt=\"\"><\/a><\/div> <div  class=\"col-sm-6\" data-type=\"column\"><h2  class=\"\">Kde n\u00e1s najdete<\/h2> <p  class=\"\">Hojsova Str\u00e1\u017e \u010d.p. 9<br >340 22 N\u00fdrsko Hojsova Str\u00e1\u017e<br ><br ><br >telefon spr\u00e1vce: 724 813 826\r\n<br ><br >\r\nobjedn\u00e1vky pobytu:&nbsp;objednavka@ubytovna-zamecek.cz <br ><br >Provozovatel:&nbsp;\r\n<br >Ly\u017ea\u0159sk\u00fd klub \u0160koda Plze\u0148 Koterovsk\u00e1 177,<br >Plze\u0148 308 00  I\u010cO: 453 320 88<\/p> <\/div> <\/div><\/div> <\/div>","protected":false},"excerpt":{"rendered":"<p>Z\u00e1kladn\u00ed informace \u2022 Poloha u lesa, v klidn\u00e9 \u010d\u00e1sti obce \u2022 Kapacita 54 m\u00edst, pln\u011b vybaven\u00e1 kuchyn\u011b, j\u00eddelna, spole\u010densk\u00e1 m\u00edstnost, na pat\u0159e spole\u010dn\u00e1 soc.za\u0159\u00edzen\u00ed, ly\u017e\u00e1rna \u2022 K dispozici jednoduch\u00e9 sportovi\u0161t\u011b pro m\u00ed\u010dov\u00e9 hry, ohni\u0161t\u011b, velk\u00e9 parkovi\u0161t\u011b \u2022 Vhodn\u00e9 pro rekreaci rodin s d\u011btmi, letn\u00ed, zimn\u00ed pobyty d\u011bt\u00ed a jin\u00e9 organizovan\u00e9 akce \u2022 Psi za poplatek&hellip; <br \/> <a class=\"read-more\" href=\"https:\/\/www.ubytovna-zamecek.cz\/\">V\u00edce<\/a><\/p>\n","protected":false},"author":1,"featured_media":0,"parent":0,"menu_order":0,"comment_status":"closed","ping_status":"open","template":"page-templates\/homepage.php","meta":{"footnotes":""},"class_list":["post-5","page","type-page","status-publish","hentry"],"_links":{"self":[{"href":"https:\/\/www.ubytovna-zamecek.cz\/index.php\/wp-json\/wp\/v2\/pages\/5","targetHints":{"allow":["GET"]}}],"collection":[{"href":"https:\/\/www.ubytovna-zamecek.cz\/index.php\/wp-json\/wp\/v2\/pages"}],"about":[{"href":"https:\/\/www.ubytovna-zamecek.cz\/index.php\/wp-json\/wp\/v2\/types\/page"}],"author":[{"embeddable":true,"href":"https:\/\/www.ubytovna-zamecek.cz\/index.php\/wp-json\/wp\/v2\/users\/1"}],"replies":[{"embeddable":true,"href":"https:\/\/www.ubytovna-zamecek.cz\/index.php\/wp-json\/wp\/v2\/comments?post=5"}],"version-history":[{"count":39,"href":"https:\/\/www.ubytovna-zamecek.cz\/index.php\/wp-json\/wp\/v2\/pages\/5\/revisions"}],"predecessor-version":[{"id":183,"href":"https:\/\/www.ubytovna-zamecek.cz\/index.php\/wp-json\/wp\/v2\/pages\/5\/revisions\/183"}],"wp:attachment":[{"href":"https:\/\/www.ubytovna-zamecek.cz\/index.php\/wp-json\/wp\/v2\/media?parent=5"}],"curies":[{"name":"wp","href":"https:\/\/api.w.org\/{rel}","templated":true}]}}